677
What are the prime factors of 1892?
2, 11, 43
What are the prime factors of 60032?
2, 7, 67
List the prime factors of 2035.
5, 11, 37
List the prime factors of 528.
2, 3, 11
List the prime factors of 2363.
17, 139
What are the prime factors of 1243?
11, 113
What are the prime factors of 82506?
2, 3, 13751
What are the prime factors of 5241?
3, 1747
List the prime factors of 494.
2, 13, 19
What are the prime factors of 8943?
3, 11, 271
What are the prime factors of 9546?
2, 3, 37, 43
What are the prime factors of 2138?
2, 1069
What are the prime factors of 10211?
10211
What are the prime factors of 969?
3, 17, 19
List the prime factors of 3181.
3181
List the prime factors of 1619.
1619
What are the prime factors of 26376?
2, 3, 7, 157
List the prime factors of 1139.
17, 67
List the prime factors of 15509.
13, 1193
What are the prime factors of 25545?
3, 5, 13, 131
List the prime factors of 1328.
2, 83
List the prime factors of 9186.
2, 3, 1531
What are the prime factors of 15010?
2, 5, 19, 79
List the prime factors of 353.
353
What are the prime factors of 351?
3, 13
List the prime factors of 48917.
11, 4447
What are the prime factors of 19021?
23, 827
What are the prime factors of 101165?
5, 20233
List the prime factors of 2829.
3, 23, 41
List the prime factors of 729.
3
List the prime factors of 371.
7, 53
List the prime factors of 1421.
7, 29
What are the prime factors of 20575?
5, 823
What are the prime factors of 334?
2, 167
List the prime factors of 1288.
2, 7, 23
What are the prime factors of 13935?
3, 5, 929
What are the prime factors of 4456?
2, 557
What are the prime factors of 2973?
3, 991
List the prime factors of 456.
2, 3, 19
List the prime factors of 3296.
2, 103
List the prime factors of 1160.
2, 5, 29
What are the prime factors of 18438?
2, 3, 7, 439
List the prime factors of 66596.
2, 16649
What are the prime factors of 18718?
2, 7, 191
List the prime factors of 16214.
2, 11, 67
What are the prime factors of 1187?
1187
List the prime factors of 13984.
2, 19, 23
List the prime factors of 1046.
2, 523
List the prime factors of 14072.
2, 1759
What are the prime factors of 8993?
17, 23
What are the prime factors of 70262?
2, 19, 43
What are the prime factors of 91089?
3, 29, 349
List the prime factors of 1015.
5, 7, 29
What are the prime factors of 577?
577
List the prime factors of 2752.
2, 43
What are the prime factors of 1829?
31, 59
List the prime factors of 16569.
3, 7, 263
List the prime factors of 28684.
2, 71, 101
What are the prime factors of 45054?
2, 3, 2503
List the prime factors of 453.
3, 151
List the prime factors of 8151.
3, 11, 13, 19
What are the prime factors of 68830?
2, 5, 6883
What are the prime factors of 18686?
2, 9343
What are the prime factors of 3507?
3, 7, 167
What are the prime factors of 149912?
2, 7, 2677
List the prime factors of 8611.
79, 109
List the prime factors of 7801.
29, 269
List the prime factors of 1367.
1367
What are the prime factors of 68134?
2, 11, 19, 163
What are the prime factors of 1812?
2, 3, 151
List the prime factors of 391.
17, 23
List the prime factors of 9651.
3, 3217
What are the prime factors of 1766?
2, 883
List the prime factors of 2393.
2393
What are the prime factors of 10418?
2, 5209
List the prime factors of 570.
2, 3, 5, 19
List the prime factors of 1830.
2, 3, 5, 61
List the prime factors of 963.
3, 107
What are the prime factors of 105988?
2, 26497
List the prime factors of 1685.
5, 337
List the prime factors of 1093.
1093
List the prime factors of 452.
2, 113
List the prime factors of 2427.
3, 809
List the prime factors of 371.
7, 53
What are the prime factors of 8717?
23, 379
What are the prime factors of 1573?
11, 13
List the prime factors of 9749.
9749
List the prime factors of 13179.
3, 23, 191
What are the prime factors of 3752?
2, 7, 67
List the prime factors of 108618.
2, 3, 43, 421
List the prime factors of 9479.
9479
What are the prime factors of 1944?
2, 3
List the prime factors of 1168.
2, 73
List the prime factors of 6135.
3, 5, 409
What are the prime factors of 24718?
2, 17, 727
List the prime factors of 22783.
22783
List the prime factors of 100142.
2, 7, 23, 311
What are the prime factors of 1310?
2, 5, 131
List the prime factors of 1803.
3, 601
What are the prime factors of 5623?
5623
List the prime factors of 1342.
2, 11, 61
List the prime factors of 2362.
2, 1181
What are the prime factors of 418?
2, 11, 19
List the prime factors of 428.
2, 107
What are the prime factors of 1780?
2, 5, 89
List the prime factors of 29777.
11, 2707
What are the prime factors of 57186?
2, 3, 353
List the prime factors of 80466.
2, 3, 13411
What are the prime factors of 14732?
2, 29, 127
What are the prime factors of 1192?
2, 149
List the prime factors of 106.
2, 53
What are the prime factors of 32405?
5, 6481
What are the prime factors of 30158?
2, 17, 887
What are the prime factors of 112?
2, 7
List the prime factors of 3638.
2, 17, 107
What are the prime factors of 10563?
3, 7, 503
List the prime factors of 805.
5, 7, 23
List the prime factors of 58774.
2, 29387
List the prime factors of 10785.
3, 5, 719
List the prime factors of 2136.
2, 3, 89
List the prime factors of 90587.
7, 12941
What are the prime factors of 72948?
2, 3, 6079
List the prime factors of 36902.
2, 18451
List the prime factors of 442.
2, 13, 17
What are the prime factors of 29343?
3, 9781
List the prime factors of 19814.
2, 9907
List the prime factors of 19119.
3, 6373
List the prime factors of 26704.
2, 1669
List the prime factors of 1683.
3, 11, 17
List the prime factors of 2172.
2, 3, 181
What are the prime factors of 58028?
2, 89, 163
What are the prime factors of 7385?
5, 7, 211
What are the prime factors of 4418?
2, 47
List the prime factors of 5118.
2, 3, 853
What are the prime factors of 55?
5, 11
What are the prime factors of 86054?
2, 17, 2531
What are the prime factors of 105607?
105607
List the prime factors of 36433.
36433
What are the prime factors of 55843?
55843
What are the prime factors of 11549?
11549
What are the prime factors of 8690?
2, 5, 11, 79
List the prime factors of 50388.
2, 3, 13, 17, 19
List the prime factors of 16123.
23, 701
What are the prime factors of 21418?
2, 10709
What are the prime factors of 336?
2, 3, 7
What are the prime factors of 299?
13, 23
List the prime factors of 43508.
2, 73, 149
What are the prime factors of 38693?
38693
What are the prime factors of 5101?
5101
What are the prime factors of 421?
421
What are the prime factors of 27956?
2, 29, 241
List the prime factors of 1030.
2, 5, 103
List the prime factors of 659.
659
List the prime factors of 6724.
2, 41
What are the prime factors of 15341?
23, 29
List the prime factors of 925.
5, 37
List the prime factors of 32143.
32143
List the prime factors of 6398.
2, 7, 457
List the prime factors of 550.
2, 5, 11
What are the prime factors of 21633?
3, 7211
What are the prime factors of 91493?
91493
What are the prime factors of 80120?
2, 5, 2003
What are the prime factors of 1287?
3, 11, 13
What are the prime factors of 580?
2, 5, 29
What are the prime factors of 219?
3, 73
What are the prime factors of 25934?
2, 12967
What are the prime factors of 1044?
2, 3, 29
What are the prime factors of 4553?
29, 157
List the prime factors of 2443.
7, 349
List the prime factors of 1263.
3, 421
List the prime factors of 2655.
3, 5, 59
What are the prime factors of 12659?
12659
List the prime factors of 23917.
23917
What are the prime factors of 2696?
2, 337
What are the prime factors of 1352?
2, 13
What are the prime factors of 1498?
2, 7, 107
List the prime factors of 2063.
2063
What are the prime factors of 169?
13
List the prime factors of 890.
2, 5, 89
List the prime factors of 1316.
2, 7, 47
List the prime factors of 99431.
99431
List the prime factors of 1972.
2, 17, 29
List the prime factors of 70811.
13, 419
What are the prime factors of 118997?
19, 6263
List the prime factors of 66.
2, 3, 11
List the prime factors of 1186.
2, 593
List the prime factors of 53167.
79, 673
What are the prime factors of 557?
557
List the prime factors of 2733.
3, 911
List the prime factors of 66004.
2, 29, 569
What are the prime factors of 3146?
2, 11, 13
What are the prime factors of 26682?
2, 3, 4447
List the pr